{"id":7299,"date":"2026-03-23T08:00:16","date_gmt":"2026-03-23T07:00:16","guid":{"rendered":"http:\/\/bilbozaharra.poselab.com\/ekainean-batxilergokoentzat-ikastaro-berezia\/"},"modified":"2026-04-22T10:24:29","modified_gmt":"2026-04-22T09:24:29","slug":"en-junio-cursos-especiales-para-alumnos-de-bachiller","status":"publish","type":"page","link":"https:\/\/bilbozaharra.eus\/es\/verano-2026\/en-junio-cursos-especiales-para-alumnos-de-bachiller\/","title":{"rendered":"En Junio, cursos especiales para alumnos de bachiller!"},"content":{"rendered":"<div class=\"wpb-content-wrapper\"><p>[vc_row][vc_column][vc_column_text css=\u201d\u201d]<img decoding=\"async\" class=\"alignright size-full wp-image-7300\" src=\"https:\/\/bilbozaharra.eus\/wp-content\/uploads\/2015\/04\/liburua.png\" alt=\"\" width=\"400\" height=\"789\" srcset=\"https:\/\/bilbozaharra.eus\/wp-content\/uploads\/2015\/04\/liburua.png 400w, https:\/\/bilbozaharra.eus\/wp-content\/uploads\/2015\/04\/liburua-152x300.png 152w\" sizes=\"(max-width: 400px) 100vw, 400px\" \/>Los alumnos de bachiller acaban las clases en mayo, y al tener el mes de junio libre, pueden aprovecharlo para preparar EGA\/C1. Para ello, hemos organizado cursos especiales. Si has estado durante el a\u00f1o escolar en el euskaltegi o si no, te ayudamos en tu camino para obtener el t\u00edtulo.<\/p>\n<p>Curso intensivo por las ma\u00f1anas, en horario de 09:00-14:15.<\/p>\n<p>\u00a1An\u00edmate y ven a Bilbo Zaharra euskaltegia, tienes una estupenda posibilidad para preparar el nivel C1 antes de las vacaciones!<\/p>\n<p>Para recibir m\u00e1s informaci\u00f3n, pasa por nuestras oficinas, ll\u00e1manos al n\u00famero de tel\u00e9fono 944158292, o env\u00edanos un correo electr\u00f3nico a <a href=\"mailto:euskaltegia@bilbozaharra.eus\" target=\"_blank\" rel=\"noopener\">euskaltegia@bilbozaharra.eus<\/a><\/p>\n<p>El plazo de inscripci\u00f3n se encuentra abierto. Para apuntarte, ac\u00e9rcate a nuestras oficinas o <strong><a href=\"https:\/\/bilbozaharra.eus\/es\/verano-16\/matricula-verano\/\">rellena el formulario de matr\u00edcula online<\/a><\/strong>.<\/p>\n<p style=\"text-align: left;\">\n<table id=\"tablepress-ekainean-es-1\" class=\"tablepress tablepress-id-ekainean-es-1\">\n<thead>\n<tr class=\"row-1\">\n\t<th class=\"column-1\">NIVEL<\/th><th class=\"column-2\">SUBNIVEL<\/th><th class=\"column-3\">T\u00cdTULO<\/th>\n<\/tr>\n<\/thead>\n<tbody class=\"row-striping row-hover\">\n<tr class=\"row-2\">\n\t<td class=\"column-1\">C1<\/td><td class=\"column-2\">12<\/td><td class=\"column-3\">PL 3 - EGA<\/td>\n<\/tr>\n<\/tbody>\n<\/table>\n<!-- #tablepress-ekainean-es-1 from cache --><\/p>\n<p style=\"text-align: left;\">\n<table id=\"tablepress-ekainean-es-2\" class=\"tablepress tablepress-id-ekainean-es-2\">\n<thead>\n<tr class=\"row-1\">\n\t<th class=\"column-1\">FECHAS<\/th><th class=\"column-2\">HORARIO<\/th><th class=\"column-3\">PRECIO<\/th>\n<\/tr>\n<\/thead>\n<tbody class=\"row-striping row-hover\">\n<tr class=\"row-2\">\n\t<td class=\"column-1\">1-26 de junio<\/td><td class=\"column-2\">9:00 - 14:15<\/td><td class=\"column-3\">60,00 \u20ac*<\/td>\n<\/tr>\n<\/tbody>\n<\/table>\n<!-- #tablepress-ekainean-es-2 from cache --><\/p>\n<p>*Si has nacido entre los a\u00f1os 2008-2010, <strong>s\u00f3lo pagar\u00e1s 60\u20ac <\/strong>gracias a la <a href=\"https:\/\/www.habe.euskadi.eus\/ayuda_subvencion\/alumnos-y-alumnas-de-16-a-18-anos-que-tengan-como-objetivo-el-nivel-c1-durante-el-curso-2023-2024\/webhabe00-tramiteak\/es\/\">subvenci\u00f3n para j\u00f3venes<\/a> que da HABE!!! Si no, 285,00 \u20ac.<\/p>\n<p>ANIMA ZAITEZ!!![\/vc_column_text][\/vc_column][\/vc_row]<\/p>\n<\/div>","protected":false},"excerpt":{"rendered":"<p>[vc_row][vc_column][vc_column_text css=\u201d\u201d]Los alumnos de bachiller acaban las clases en mayo, y al tener el mes de junio libre, pueden aprovecharlo para preparar EGA\/C1. Para ello, hemos organizado cursos especiales. Si has estado durante el a\u00f1o escolar en el euskaltegi o si no, te ayudamos en tu camino para obtener el t\u00edtulo. Curso intensivo por las ma\u00f1anas, en horario de 09:00-14:15. [&hellip;]<\/p>\n","protected":false},"author":1,"featured_media":17160,"parent":11283,"menu_order":1,"comment_status":"closed","ping_status":"closed","template":"","meta":{"_acf_changed":false,"footnotes":""},"categories":[89,100],"tags":[],"class_list":["post-7299","page","type-page","status-publish","has-post-thumbnail","hentry","category-noticias","category-verano"],"acf":[],"_links":{"self":[{"href":"https:\/\/bilbozaharra.eus\/es\/wp-json\/wp\/v2\/pages\/7299","targetHints":{"allow":["GET"]}}],"collection":[{"href":"https:\/\/bilbozaharra.eus\/es\/wp-json\/wp\/v2\/pages"}],"about":[{"href":"https:\/\/bilbozaharra.eus\/es\/wp-json\/wp\/v2\/types\/page"}],"author":[{"embeddable":true,"href":"https:\/\/bilbozaharra.eus\/es\/wp-json\/wp\/v2\/users\/1"}],"replies":[{"embeddable":true,"href":"https:\/\/bilbozaharra.eus\/es\/wp-json\/wp\/v2\/comments?post=7299"}],"version-history":[{"count":17,"href":"https:\/\/bilbozaharra.eus\/es\/wp-json\/wp\/v2\/pages\/7299\/revisions"}],"predecessor-version":[{"id":17059,"href":"https:\/\/bilbozaharra.eus\/es\/wp-json\/wp\/v2\/pages\/7299\/revisions\/17059"}],"up":[{"embeddable":true,"href":"https:\/\/bilbozaharra.eus\/es\/wp-json\/wp\/v2\/pages\/11283"}],"wp:featuredmedia":[{"embeddable":true,"href":"https:\/\/bilbozaharra.eus\/es\/wp-json\/wp\/v2\/media\/17160"}],"wp:attachment":[{"href":"https:\/\/bilbozaharra.eus\/es\/wp-json\/wp\/v2\/media?parent=7299"}],"wp:term":[{"taxonomy":"category","embeddable":true,"href":"https:\/\/bilbozaharra.eus\/es\/wp-json\/wp\/v2\/categories?post=7299"},{"taxonomy":"post_tag","embeddable":true,"href":"https:\/\/bilbozaharra.eus\/es\/wp-json\/wp\/v2\/tags?post=7299"}],"curies":[{"name":"wp","href":"https:\/\/api.w.org\/{rel}","templated":true}]}}

<div class="wpb-content-wrapper"><p>[vc_row][vc_column][vc_column_text css=””]<img decoding="async" class="alignright size-full wp-image-7300" src="https://bilbozaharra.eus/wp-content/uploads/2015/04/liburua.png" alt="" width="400" height="789" srcset="https://bilbozaharra.eus/wp-content/uploads/2015/04/liburua.png 400w, https://bilbozaharra.eus/wp-content/uploads/2015/04/liburua-152x300.png 152w" sizes="(max-width: 400px) 100vw, 400px" />Los alumnos de bachiller acaban las clases en mayo, y al tener el mes de junio libre, pueden aprovecharlo para preparar EGA/C1. Para ello, hemos organizado cursos especiales. Si has estado durante el año escolar en el euskaltegi o si no, te ayudamos en tu camino para obtener el título.</p>
<p>Curso intensivo por las mañanas, en horario de 09:00-14:15.</p>
<p>¡Anímate y ven a Bilbo Zaharra euskaltegia, tienes una estupenda posibilidad para preparar el nivel C1 antes de las vacaciones!</p>
<p>Para recibir más información, pasa por nuestras oficinas, llámanos al número de teléfono 944158292, o envíanos un correo electrónico a <a href="mailto:euskaltegia@bilbozaharra.eus" target="_blank" rel="noopener">euskaltegia@bilbozaharra.eus</a></p>
<p>El plazo de inscripción se encuentra abierto. Para apuntarte, acércate a nuestras oficinas o <strong><a href="https://bilbozaharra.eus/es/verano-16/matricula-verano/">rellena el formulario de matrícula online</a></strong>.</p>
<p style="text-align: left;">
<table id="tablepress-ekainean-es-1" class="tablepress tablepress-id-ekainean-es-1">
<thead>
<tr class="row-1">
	<th class="column-1">NIVEL</th><th class="column-2">SUBNIVEL</th><th class="column-3">TÍTULO</th>
</tr>
</thead>
<tbody class="row-striping row-hover">
<tr class="row-2">
	<td class="column-1">C1</td><td class="column-2">12</td><td class="column-3">PL 3 - EGA</td>
</tr>
</tbody>
</table>
<!-- #tablepress-ekainean-es-1 from cache --></p>
<p style="text-align: left;">
<table id="tablepress-ekainean-es-2" class="tablepress tablepress-id-ekainean-es-2">
<thead>
<tr class="row-1">
	<th class="column-1">FECHAS</th><th class="column-2">HORARIO</th><th class="column-3">PRECIO</th>
</tr>
</thead>
<tbody class="row-striping row-hover">
<tr class="row-2">
	<td class="column-1">1-26 de junio</td><td class="column-2">9:00 - 14:15</td><td class="column-3">60,00 €*</td>
</tr>
</tbody>
</table>
<!-- #tablepress-ekainean-es-2 from cache --></p>
<p>*Si has nacido entre los años 2008-2010, <strong>sólo pagarás 60€ </strong>gracias a la <a href="https://www.habe.euskadi.eus/ayuda_subvencion/alumnos-y-alumnas-de-16-a-18-anos-que-tengan-como-objetivo-el-nivel-c1-durante-el-curso-2023-2024/webhabe00-tramiteak/es/">subvención para jóvenes</a> que da HABE!!! Si no, 285,00 €.</p>
<p>ANIMA ZAITEZ!!![/vc_column_text][/vc_column][/vc_row]</p>
</div>

<p>[vc_row][vc_column][vc_column_text css=””]Los alumnos de bachiller acaban las clases en mayo, y al tener el mes de junio libre, pueden aprovecharlo para preparar EGA/C1. Para ello, hemos organizado cursos especiales. Si has estado durante el año escolar en el euskaltegi o si no, te ayudamos en tu camino para obtener el título. Curso intensivo por las mañanas, en horario de 09:00-14:15. [&hellip;]</p>
